ose -5*q - 36 + 259 = 3*x, -3*q = -2*x + 174. Calculate the remainder when 96 is divided by x.
15
Calculate the remainder when 336 is divided by ((-309)/15 - -12)*-10.
78
Let p = 21035 - 20872. Calculate the remainder when 8310 is divided by p.
160
Suppose 38*f - 594 = 356. What is the remainder when 517 is divided by f?
17
What is the remainder when 1215 is divided by (-46)/4*(32 + -34)?
19
Let r be 1*-55 + (3 - 5). Suppose -6*i = 682 - 1120. What is the remainder when i is divided by (-2)/((-6)/r*-1)?
16
Let w = -26217 - -28551. Calculate the remainder when w is divided by 45.
39
Let h(f) be the second derivative of -f**3/3 + 19*f**2 - 15*f - 2. What is the remainder when 72 is divided by h(9)?
12
What is the remainder when 185 is divided by -21 - 1464/(-72) - (0 + 244/(-6))?
25
Let g = -34 + 36. Suppose -j = g*b - 20, 2*j - 6*b + b - 40 = 0. What is the remainder when 58 is divided by j?
18
Suppose s - 13 - 19 = 0. Let j(f) = -f**3 + 29*f**2 + 101*f - 34. Calculate the remainder when j(s) is divided by 33.
27
Let y = 7790 + -7531. What is the remainder when y is divided by 20?
19
Suppose 171*u + 105865 = 326*u. Let p = -74 + 172. Calculate the remainder when u is divided by p.
95
Suppose -6 = -5*c + 19. Suppose 3*t - 478 = -c*p, -2*p + 0*t - 3*t + 193 = 0. Calculate the remainder when p is divided by 16.
15
Let a = -785 + 821. Let q = 16 + -17. What is the remainder when q/(-5) + 4998/35 is divided by a?
35
Let j = -31134 - -31425. What is the remainder when 611 is divided by j?
29
What is the remainder when 10729 is divided by ((-17205)/186)/(9/(-12)*8/12)?
184
Suppose -786 = -27*q + 33 + 423. Calculate the remainder when 570 is divided by q.
18
Let q be 4 - (1744/28 + (-8)/28). Let k = q - -64. What is the remainder when k is divided by (0 - -1)/(1/2)?
0
Suppose -k + 76 + 59 = -20*p, -k = -4*p - 39. Suppose -2*m - 4*r + 36 = 0, -4*m + 2*r = -3*r - 7. Calculate the remainder when k is divided by m.
7
Calculate the remainder when 178 is divided by (2 + 16)*(1122/44 + -19).
61
Calculate the remainder when 550 is divided by 2/((-2)/7) + 188.
7
Suppose 30*m - 1398 - 24 - 48 = 0. Calculate the remainder when m is divided by 3.
1
Let b(u) = 172*u + 1953. Calculate the remainder when 669 is divided by b(-11).
59
Let y = -4 + 29. Let m = y - -15. Calculate the remainder when 3/(-11) - 171270/(-1089) is divided by m.
37
Let a(v) = 5*v + 8. Suppose -4*p - 328 = -7*p + 2*b, 3*p + 5*b - 293 = 0. What is the remainder when p is divided by a(1)?
2
Let k be (53 + 3)*(-1)/(-1). Suppose k = 6*r - 124. Let i = r - -6. Calculate the remainder when i is divided by 13.
10
Let h(w) = -2*w**3 + 6*w**2 + 5*w + 9. Let l be h(4). What is the remainder when 97 is divided by 1083/27 + l - 3/27?
23
Let w(x) = -x**3 + 4*x**2 - 3*x + 2. Let g be (6 + (-105)/12)*(-120)/3. Suppose 4*h + 7*h - g = 0. What is the remainder when h is divided by w(2)?
2
Let c(b) = 385*b**2 - 101*b + 100. Calculate the remainder when c(1) is divided by 244.
140
Suppose -6 + 14 = 2*r. Suppose p - r*p = 3*y + 117, 0 = 2*p + 2. Calculate the remainder when 6*(y/(-6) + -1) is divided by 9.
5
Let v(h) = 30*h + 1. Let n be v(1). Let t = n - 22. Suppose 130 = t*f - 221. Calculate the remainder when f is divided by 15.
9
Let v be 3/(-6) + (-4925)/(-10). Let k be (2/3)/(8/v). Suppose 2*y - 60 = -3*r - 2*r, -y = -3*r - k. Calculate the remainder when 69 is divided by y.
34
Suppose -3*l + 60 = -4*h, l - 55*h - 7 = -58*h. What is the remainder when 4495 is divided by l?
15
Suppose -11 - 11 = -4*b - v, 23 = 5*b - v. What is the remainder when 9 - 5 - b - (3 + -155) is divided by 9?
7
Suppose -59 = -3*x - 23. Let m(z) = 20*z**2 - 28*z**2 + 16*z + 17 + 10*z**2. What is the remainder when x is divided by m(-1)?
0
Suppose -3*o + 2 + 5 = y, -2*y + 24 = 4*o. Calculate the remainder when 3761 is divided by y.
21
What is the remainder when 498 is divided by (-8)/(-224)*-8 - 3836/(-49)?
30
Suppose 54*w + 52*w = 2438. Suppose 5*l + 15 = -0*l. What is the remainder when w is divided by 28/(-6)*l/2?
2
Suppose -44*a + 113*a = 59*a + 600. Calculate the remainder when 413 is divided by a.
53
Let g be (2 - 3)*(-5 + 5). Suppose g*u - 24 = u. Let s = -7 - u. What is the remainder when s is divided by 9?
8
Let d(o) = o**2 + 2*o - 3187. Calculate the remainder when d(87) is divided by 169.
162
Let q(v) = 6*v - 2. Let w(z) = -z**3 + 3*z**2 - 2. Let m be w(2). Suppose 21631*c - 21642*c + 275 = 0. Calculate the remainder when c is divided by q(m).
5
Let f(r) = 110*r**3 + 2*r - 3. Let s be f(1). Let c = s + -44. Let a(z) = z**2 + 9*z + 12. What is the remainder when c is divided by a(-10)?
21
Let q be 4 - 8/12*-12. Let x = q + 6. Calculate the remainder when 120 is divided by x.
12
Suppose 7*x - 2*x = 10. Suppose -3*s + 45 = -3*v, -x*v + 4*v = 4*s - 30. What is the remainder when 31 is divided by 1/5 - (5 - (-177)/v)?
3
Let x = -1 + 3. Suppose -4*w = -20, -2*h = -3*h - x*w + 18. What is the remainder when 15 is divided by (-3)/h + (-1650)/(-176)?
6
Let o(i) be the first derivative of i**4/2 + 35*i**3/3 - 9*i**2 + 11*i - 47. Suppose -23*q - 480 = -27*q. Calculate the remainder when q is divided by o(-18).
10
Suppose b - 151 = -3*z, 2*b - 2*z = -b + 398. Let x = 261 - b. What is the remainder when x is divided by 7?
6
Let q = 197 - 195. Suppose -q*v + 71 = -221. What is the remainder when v is divided by 37?
35
Let x(c) = -3*c**3 + 4*c**2 + 102*c - 42. What is the remainder when x(-6) is divided by 35?
33
Let w(l) = l**2 - 49*l - 18. Calculate the remainder when 328 is divided by w(-2).
76
Let b(r) = -4*r**3 - 3*r**2 + 11*r + 5. Let o(l) = 4*l**3 + 4*l**2 - 12*l - 6. Let i(d) = -5*b(d) - 4*o(d). Calculate the remainder when i(3) is divided by 6.
5
Suppose 1231 = 18*l + 133. Suppose -213 = -4*w - 73. Calculate the remainder when l is divided by w.
26
Let u = -155 - -159. Let z(j) = 4*j**2 - 3*j - 2. What is the remainder when 96 is divided by z(u)?
46
Suppose 5*o = -652 - 958. Let v = o + 325. What is the remainder when 4 is divided by v?
1
Let w = -7064 + 7285. What is the remainder when 1089 is divided by w?
205
Suppose 221*u + 215*u - 152012 = -810*u. Suppose 45 + 5 = 2*y. What is the remainder when u is divided by y?
22
Suppose 994*j - 1007*j + 2691 = 0. Calculate the remainder when 630 is divided by j.
9
Suppose -5*l + a = -188 - 50, -5*l - 3*a + 226 = 0. What is the remainder when 170 is divided by l?
29
Suppose 13*b + 129 = 194. What is the remainder when 2133 is divided by b?
3
Let w be -10*(-1)/2*162/30. Let r = w - -18. What is the remainder when r is divided by 16?
13
Suppose 4*j - 5*u - 36 = 0, -2*j + 0 + 18 = 3*u. Suppose -111 = -9*x + 850 + 686. What is the remainder when x is divided by j?
3
Let q(h) = -97*h + 539. What is the remainder when q(2) is divided by 23?
0
Calculate the remainder when (130/(-15)*79)/(25/(-15) - -1) is divided by 56.
19
Suppose 4*u - 10 + 1 = -5*v, 2*v = 2. Calculate the remainder when 10 is divided by u.
0
Suppose -379*y + 19552 = -327*y. Calculate the remainder when y is divided by 29.
28
Let o(m) = -m**2 - 9. Let a(c) = 2*c**2 + 2*c + 27. Let s(n) = -3*a(n) - 8*o(n). Calculate the remainder when s(-7) is divided by 33.
32
Suppose 16 = 7*d - 3*d. Suppose 28 = q - 5*l, 4*l - 140 = -5*q - 0*l. Calculate the remainder when q/196 + 83/7 is divided by d.
0
Suppose -8*y = -2*y - 132. What is the remainder when (y/4 - -2)*754/87 is divided by 20?
5
Let s(r) = 11*r**2 + 72*r - 210. What is the remainder when s(6) is divided by 204?
6
Let q(a) = 3*a**2 + 15*a - 28. Suppose -2*g + 2*z + 18 = 0, -24*g + 27*g + 5*z = 3. Calculate the remainder when q(g) is divided by 4.
2
Let g(u) = -u**2 - 81*u - 1044. What is the remainder when 841 is divided by g(-63)?
31
Let l(t) be the second derivative of t**5/20 - 5*t**4/6 - 17*t**3/6 - 7*t**2/2 - 9*t. Calculate the remainder when l(12) is divided by 15*(-2 + (-40)/(-12)).
17
Let g(r) = -7*r + 1. Suppose 18*s = 16*s - 8. Let l(h) = 6*h - 1. What is the remainder when g(s) is divided by l(3)?
12
Let p(s) = -2*s**2 - 4*s + 13. What is the remainder when (-285)/(-60)*(8 - 0) is divided by p(0)?
12
Suppose -2*k - 5*z = -60, -3 - 95 = -4*k + z. Calculate the remainder when k is divided by 1.
0
Suppose 4*b - c = 3*b + 8, -11 = 3*b + 4*c. Calculate the remainder w